t is the units digit of r?
2
Suppose -4*w + 11*d - 7*d + 22320 = 0, -3*w + d = -16752. What is the hundreds digit of w?
5
Let h = -88 - -91. What is the tens digit of (32/(-10))/(h*(-2)/225)?
2
Let n = 1164 + 1646. What is the units digit of n?
0
Let o = 1385 + -720. Let y = 1043 - o. What is the units digit of y?
8
Let t(c) = -3*c - 22. Let w be t(-5). Let q be -6*(98/(-6))/w. Let b = 39 + q. What is the tens digit of b?
2
Let l(a) = -26*a + 10. Let m(r) = -r. Let i(h) = -l(h) - 8*m(h). Let s be i(5). What is the tens digit of (-1)/(3 - s/53)?
5
Suppose -32*n - 4*u = -27*n - 175964, 0 = -5*n + 3*u + 175992. What is the ten thousands digit of n?
3
Suppose -334 = o - 2*n, -2*o + o - 4*n = 328. Let d = o + 1118. What is the hundreds digit of d?
7
Let u be (8/(-16))/((-1)/4). Suppose -w - w + 2*x - 14 = 0, -12 = u*w - x. What is the tens digit of (-1 - 2)*w/(-45)*-195?
6
Suppose -4*r = -3*r - 2. Suppose r*f = -2*f + 8, 0 = -5*i + 2*f + 481. Suppose -i - 51 = -2*v. What is the units digit of v?
4
Suppose -347 = -16*o + 293. Suppose -o + 20 = -4*q. Suppose 235 = -0*z + q*z. What is the tens digit of z?
4
Suppose 9931*q = 9935*q + 4*w - 241784, 4*w = 4*q - 241840. What is the tens digit of q?
5
Let g(y) = 6*y + 74. Let s be (-147)/(-6)*(128/28 - 4). What is the units digit of g(s)?
8
Suppose 0 = 149*o - 145*o - 16, -2*o = -3*j + 7810. What is the tens digit of j?
0
Let r(q) = -3*q**3 + 30*q**2 + 47*q - 60. What is the units digit of r(11)?
4
What is the units digit of 7/(-5) + ((-20758546)/(-1640) - 2/8)?
6
Suppose 0 = -4*a + 2*t + 40968, 4*t = 6*t. Suppose a = -21*q + 30*q. What is the tens digit of q?
3
Let n = 2 + 1. Let t(w) = -4 + 35*w - 8*w + 1 + 33*w. What is the tens digit of t(n)?
7
Let t = -1083 + 1808. Suppose 0 = f + 5, -22*j + 24*j - t = -f. What is the units digit of j?
5
Suppose -5*s + 7*s = -5*d + 7961, 3*s = -4*d + 11945. What is the units digit of s?
3
Suppose 0 = -6*p + 252 + 4656. Suppose 5*b + 20 = 0, -4*y - 3*b + p = y. What is the tens digit of y?
6
Let k = 26 + -35. Let u be 3 + k/((-4)/(-52)*-1). Suppose -u = 16*b - 19*b. What is the units digit of b?
0
Let c be (-36)/(-210)*-5*(-21)/6. What is the tens digit of 16/c*774/24?
7
Suppose -10*u + 44 = 14. Suppose -u*h - 4195 = -5*x, -5*x + h + 1923 = -2262. What is the tens digit of x?
3
Let a(i) = -i**3 + 80*i**2 + 99*i + 291. What is the tens digit of a(78)?
8
Suppose 23271*f = 23265*f + 49152. What is the tens digit of f?
9
Suppose 2789*r + 721 = 2782*r. What is the hundreds digit of (-30)/18*(-5 - -2) - r?
1
Let d = -18077 - -25620. What is the thousands digit of d?
7
Suppose -40*n + 15*n + 9750 = 0. Let q be ((-36)/(-30))/(2/5). Suppose -5*d + 670 = 2*h - h, n = q*d + 3*h. What is the units digit of d?
5
Suppose 10*z - 155850 - 94229 = -13*z. What is the hundreds digit of z?
8
Let m = -5121 - -9055. What is the tens digit of m?
3
Let j = 32786 + -21346. What is the ten thousands digit of j?
1
Let m(n) = 19*n**2 - 75*n + 25. What is the units digit of m(-19)?
9
Suppose 3*q - 4*z - 160 = -906, -q = -z + 249. Let a = q + 374. What is the units digit of a?
4
Suppose 0 = 13*k - 48*k + 185815. What is the tens digit of k?
0
Let s(d) = 2*d**2 - d - 3. Let t be s(2). Suppose -46 = t*m + 17. Let r = 61 + m. What is the units digit of r?
0
Let p(o) = -8*o**3 + 3*o**2 - 17*o - 3. Let a be p(-6). What is the units digit of 12/(-16) + a/20?
6
Let r(u) be the third derivative of -u**5/60 - u**4/3 - 5*u**3/3 - 21*u**2. Let p be r(-6). Suppose -p*i = -8, -y + 31 = -i + 4*i. What is the units digit of y?
9
Suppose -35*f + 72*f + 126120 = 52*f. What is the tens digit of f?
0
Let j be (-2070)/(-4)*(-12)/15*2/(-1). Let b = 0 + 23. Suppose -b*d - j = -29*d. What is the tens digit of d?
3
Let r(y) = -285*y + 56. Let a be r(4). Let u = a - -1979. What is the units digit of u?
5
Suppose -5*d + 101 = -164. Let n be 6/(-12)*(0 - 74). Let t = d + n. What is the units digit of t?
0
What is the ten thousands digit of (-36 - (-1776)/48)*(37532 + -1)?
3
Let c(s) = 0*s + 4*s + 24*s**2 - 70 + 25 + 8*s**3 - 14*s**3 + 5*s**3. What is the tens digit of c(21)?
6
Let g be -9 - 0 - (2 + -5). Let y be g - -4 - (3/(-3) - 5). Suppose 0 = -y*r - 22 + 58. What is the units digit of r?
9
Let x = 4435 - -1675. What is the tens digit of x?
1
Suppose 4*y - 330 = -2*m, y = -5*m - y + 841. Let d = m - 166. What is the units digit of d?
3
Let b = -7 + 10. Suppose 3*n = b*g - 363, -5*n + 371 = 11*g - 8*g. What is the tens digit of g?
2
Let k be -1 - 0 - (-1 - 4). Suppose 6*s - k*s - h = 1494, -1484 = -2*s - 4*h. What is the units digit of s?
6
Let g be ((-20)/3)/(2 + (-24)/18). What is the thousands digit of 6 - (368781/(-210) - 1/g)?
1
Let s be (8/(-10))/(-2) + 533/205. Suppose 2*z - s*f = 1118, z - f = 2*f + 556. What is the tens digit of z?
6
Let g(z) = z**3 + 2*z**2 - 2*z + 38. Let p be g(0). Let q = -35 + p. Suppose -4*v + q + 1 = 0, 0 = -5*u - 2*v + 362. What is the tens digit of u?
7
What is the tens digit of (5352/84)/(6/168)?
8
Let t = -3340 + 6625. Suppose 0*z + 3*z + t = 4*o, -3*o + 2466 = -3*z. What is the units digit of o?
9
Suppose -2*i = b + 41 + 49, 2*i + 336 = -4*b. Let d = 62 + b. Let v = 94 + d. What is the tens digit of v?
7
What is the thousands digit of (-394304)/(-44) + 96/176?
8
Suppose 4*n - i - 1 = 0, 5*n - 5*i - 3 = -13. Let m be (5 + -5)*(2 - n). Suppose m = -g + k + 101 + 27, 2*k + 516 = 4*g. What is the units digit of g?
0
Let r(k) = -668*k - 3490. What is the thousands digit of r(-29)?
5
Suppose -4*d - h = -8, -2 = -4*d - 4*h - 6. Suppose -d*w = -50 + 5. Suppose -k = -112 + w. What is the tens digit of k?
9
Let w = 18608 + -2786. What is the units digit of w?
2
Let w = 83438 + -59139. What is the hundreds digit of w?
2
Let w(i) = 4*i**3 + 21*i**2 - 65*i - 16. What is the units digit of w(14)?
6
Suppose 35484*q = 35513*q - 997542. What is the tens digit of q?
9
Let h = -55 + 32. Let p = h + -4. What is the tens digit of (-2 - 44/3)/(3/p)?
5
Let x(o) = 48*o**2 - 5*o - 12. Let b(k) = -11*k**2 + 67*k - 8. Let f be b(6). What is the units digit of x(f)?
0
Let f = -6334 + 6334. Let x(c) = -2*c**2 - 2*c + 38 + 64 + 45. What is the tens digit of x(f)?
4
Suppose 275251 + 130702 = 73*u. What is the units digit of u?
1
Let s(f) = -f**2 + 4*f + 5. Let g be s(0). Suppose -12 = -g*y - 2. What is the units digit of ((-360)/(-4))/(y*1)?
5
Let f = 106 - -10. Suppose -3*v + 37 = 4*o - f, -5*v + 255 = -2*o. What is the units digit of v?
1
Let m be 6 - (-3 - -6)*1. Suppose 0 = 4*h + 4*s - 36, 0*s + 3 = 3*h - m*s. What is the units digit of h?
5
Let p = 46 + -36. Let t(c) = p*c**2 - 4*c - 22*c - 10 - c**3 + 43*c. What is the units digit of t(11)?
6
Let i = -27355 - -44591. What is the thousands digit of i?
7
Let z be 1 - (1 + -1 - 3). Let o be (-2 - -3)/(z/8). Let d(n) = 4*n**2 + n + 1. What is the tens digit of d(o)?
1
Let s be (-7948)/(-12) - -1 - 2/(-3). Suppose 11*j + s = 1995. What is the units digit of j?
1
Suppose -11*f - 786 = -12*f. Let d = -432 + f. What is the hundreds digit of d?
3
Let h be -27 + 1 - (-6)/(-12)*2. Let m be (2/6)/((-2)/(-90)). Let v = m - h. What is the tens digit of v?
4
Suppose 298*c = 169*c + 3925083. What is the hundreds digit of c?
4
Let f(j) = -422*j + 452. What is the hundreds digit of f(-9)?
2
Let j = 3691 - 324. What is the hundreds digit of j?
3
Suppose -2*z + 373 - 79 = 0. What is the hundreds digit of 12 - 8 - (1 - z)?
1
Suppose -61*i + 96454 = -145533. What is the thousands digit of i?
3
Let t(s) be the third derivative of 0 + 0*s - 1/2*s**3 + 1/6*s**4 + 21*s**2 + 7/60*s**5. What is the units digit of t(4)?
5
Let b be ((-64)/(-56))/(1/7). Suppose -2*s - b*s - 40 = 0. What is the tens digit of (27 - -3) + s + -1?
2
Let s be (17/1 - -2) + (-6 - -2). Suppose 2838 = -4*p + s*p. What is the units digit of p?
8
Let g = -152 - -100. Let v be (-195)/g - (-2)/8. Suppose -43 + 13 = -v*i + 2*k, 0 = i - 5*k + 15. What is the tens digit of i?
1
Let k = 7 - -15. Let s = -39 + k. Let b(z) = -z**2 - 17*z + 39. What is the units digit of b(s)?
9
Let m = -6299 - -8767. What is the tens digit of m?
6
Suppose -7*x + 241552 + 152216 = 47*x. What is the tens digit of x?
9
Suppose 18*s - 326 = 17*s. Let t = s + 353. What is the tens digit of t?
7
Suppose 2*v - 4*w - 128 = 0, -5*w - 67 - 126 =